{"id":655,"date":"2013-08-26T18:41:25","date_gmt":"2013-08-26T16:41:25","guid":{"rendered":"http:\/\/www.ars-pohlheim.net\/?page_id=655"},"modified":"2024-06-20T17:49:48","modified_gmt":"2024-06-20T15:49:48","slug":"jahrgang-56","status":"publish","type":"page","link":"https:\/\/www.ars-pohlheim.net\/?page_id=655","title":{"rendered":"Jahrgangsstufe 5\/6"},"content":{"rendered":"<p><strong>Teamschule<\/strong><\/p>\n<p>Die Adolf-Reichwein-Schule ist eine Teamschule. Was bedeutet das? Steht die Organisation des neuen Jahrgangs 5 an, so bekommt nicht nur jede Klasse eine Klassenlehrerin oder einen Klassenlehrer, sondern auch \u2013 nach M\u00f6glichkeit \u2013 eine Co-Klassenlehrerin oder einen Co-Klassenlehrer. Diese beiden Personen nennen wir Tandem. Und alle Tandems der Klassen 5 zusammen bilden das Team 5.<\/p>\n<p>Die Lehrerinnen und Lehrer des Teams versuchen so viel Unterricht wie m\u00f6glich innerhalb des Jahrgangs abzudecken. So ist gew\u00e4hrleistet, dass m\u00f6glichst wenige Lehrerinnen und Lehrer in einer Klasse unterrichten, was die pers\u00f6nliche Atmosph\u00e4re in der neuen Schulumgebung f\u00f6rdert.<\/p>\n<p>Au\u00dferdem koordiniert das Team die Unterrichtsinhalte, plant gemeinsam Projekte f\u00fcr den Jahrgang, organisiert Wandertage, Klassenfahrten und vieles mehr.<\/p>\n<p>In der Regel ist das Tandem sowie das Team 5 f\u00fcr die Klasse und den Jahrgang bis zur Verabschiedung nach dem 9. oder 10. Schuljahr zust\u00e4ndig. Manchmal muss es nat\u00fcrlich aber auch Ver\u00e4nderungen geben. Durch diese kontinuierliche Begleitung sind konstante Ansprechpartner und Ansprechpartnerinnen sowohl f\u00fcr die Sch\u00fclerinnen und Sch\u00fcler als auch f\u00fcr die Eltern gew\u00e4hrleistet.<\/p>\n<p><strong>Klassenfindungstage<\/strong><\/p>\n<p>Zu Beginn des 5. Schuljahres stehen das gegenseitige Kennenlernen, das Erkunden der neuen Lernumgebung sowie erste p\u00e4dagogische und methodische Schritte im Vordergrund.<\/p>\n<p>Zwei von sechs Klassenfindungstagen finden auf dem Schiffenberg statt. Das Team 5 organisiert hierf\u00fcr Kennenlern- und Kooperationsspiele in Zusammenarbeit mit der Sozialarbeit der Schule.<\/p>\n<p><strong>Freies Lernen<\/strong><\/p>\n<p><em>Freies Lernen<\/em> ist an unserer Schule ein eigenst\u00e4ndiges, unbewertetes Fach, in dem das selbstst\u00e4ndige Lernen angeleitet und aufgebaut wird. Seit dem Schuljahr 2019\/20 wird es ab Klasse 5 etabliert und umfasst in den Klassenstufen 5 und 6 vier Wochenstunden.<\/p>\n<p>Im Mittelpunkt steht die Arbeit an Fragen wie:<\/p>\n<ul>\n<li>Wie arbeite ich sinnvoll mit einem Partner oder in einer Kleingruppe?<\/li>\n<li>Wie pr\u00e4sentiere ich ein Thema interessant?<\/li>\n<li>Wir organisiere ich mein eigenes Arbeiten?<\/li>\n<li>Wie setze ich mir pers\u00f6nlich erreichbare Ziele?<\/li>\n<li>Wie kann ich meine pers\u00f6nlichen Interessen und mein Vorwissen sinnvoll nutzen?<\/li>\n<li>Wie gelange ich an brauchbare Informationen und w\u00e4hle diese aus?<\/li>\n<li>Wie gestalte ich ein Plakat, einen Vortrag oder eine Pr\u00e4sentation?<\/li>\n<li>Wie nutze ich spezielle Fachr\u00e4ume der Schule (Werkstatt, K\u00fcche, PC-R\u00e4ume, NaWi-R\u00e4ume etc.) und deren Ausstattung sinnvoll?<\/li>\n<\/ul>\n<p><strong>Hausaufgaben \u2013 Entspannung \u2013 Betreuung (HEB)<\/strong><\/p>\n<p>HEB beginnt mit einem gemeinsamen Essen, begleitet von der FSJ-Kraft unserer Schule, nach der sechsten Stunde in der Mensa. Ein vollwertiges Mittagessen kostet 3,50 \u20ac und muss bis zum Ende der ersten gro\u00dfen Pause in der Cafeteria vorbestellt werden.<\/p>\n<p>Nach dem Mittagessen besteht zun\u00e4chst die Wahl zwischen Entspannung und Bewegung. Nach dieser Erholungsphase werden die Hausaufgaben erledigt. Wenn dabei Unterst\u00fctzung ben\u00f6tigt wird, ist eine Lehrkraft in der N\u00e4he.<\/p>\n<p>HEB endet um 15:15 Uhr. Die Adolf-Reichwein-Schule geh\u00f6rt dem Ganztagsprofil II an. Bei Bedarf ist von Montag bis Donnerstag eine Betreuung bis 16 Uhr durch die FSJ-Kraft bzw. die Sozialarbeit gesichert.<\/p>\n<p><strong>Sch\u00fcler helfen Sch\u00fclern<\/strong><\/p>\n<p>Im Rahmen des Ganztagsangebots bieten wir das Projekt <em>Sch\u00fcler helfen Sch\u00fclern <\/em>an. F\u00fcr einen Eigenbeitrag von 40 \u20ac k\u00f6nnen Sch\u00fclerinnen und Sch\u00fcler aus den Jahrgangsstufen 5 und 6 an zehn Terminen \u00e0 60 Minuten in den F\u00e4chern Mathematik, Deutsch oder Englisch Nachhilfe von entsprechend geeigneten Sch\u00fclerinnen und Sch\u00fclern aus den Jahrg\u00e4ngen 9 und 10 bekommen.<\/p>\n<p><strong>Schlie\u00dff\u00e4cher<\/strong><\/p>\n<p>Um zu verhindern, dass die Schultasche zu schwer wird, gibt es die M\u00f6glichkeit&nbsp; \u00fcber die <a href=\"https:\/\/www.schliessfaecher.de\/images\/headers\/Header_Super_Mailer_Neuigkeiten_aus_dem_Fach_800px.png\" target=\"_blank\" rel=\"noopener\">Firma Mietra <\/a>f\u00fcr Ihr Kind ein Schlie\u00dffach in der Schule anzumieten.<\/p>\n","protected":false},"excerpt":{"rendered":"<p>Teamschule Die Adolf-Reichwein-Schule ist eine Teamschule. Was bedeutet das? Steht die Organisation des neuen Jahrgangs 5 an, so bekommt nicht nur jede Klasse eine Klassenlehrerin oder einen Klassenlehrer, sondern auch \u2013 nach M\u00f6glichkeit \u2013 eine Co-Klassenlehrerin oder einen Co-Klassenlehrer. Diese beiden Personen nennen wir Tandem. Und alle Tandems der Klassen 5 zusammen bilden das Team &hellip; <a href=\"https:\/\/www.ars-pohlheim.net\/?page_id=655\" class=\"more-link\"><span class=\"screen-reader-text\">Jahrgangsstufe 5\/6<\/span> weiterlesen <span class=\"meta-nav\">&rarr;<\/span><\/a><\/p>\n","protected":false},"author":1,"featured_media":0,"parent":0,"menu_order":0,"comment_status":"open","ping_status":"open","template":"","meta":{"ngg_post_thumbnail":0},"_links":{"self":[{"href":"https:\/\/www.ars-pohlheim.net\/index.php?rest_route=\/wp\/v2\/pages\/655"}],"collection":[{"href":"https:\/\/www.ars-pohlheim.net\/index.php?rest_route=\/wp\/v2\/pages"}],"about":[{"href":"https:\/\/www.ars-pohlheim.net\/index.php?rest_route=\/wp\/v2\/types\/page"}],"author":[{"embeddable":true,"href":"https:\/\/www.ars-pohlheim.net\/index.php?rest_route=\/wp\/v2\/users\/1"}],"replies":[{"embeddable":true,"href":"https:\/\/www.ars-pohlheim.net\/index.php?rest_route=%2Fwp%2Fv2%2Fcomments&post=655"}],"version-history":[{"count":68,"href":"https:\/\/www.ars-pohlheim.net\/index.php?rest_route=\/wp\/v2\/pages\/655\/revisions"}],"predecessor-version":[{"id":11493,"href":"https:\/\/www.ars-pohlheim.net\/index.php?rest_route=\/wp\/v2\/pages\/655\/revisions\/11493"}],"wp:attachment":[{"href":"https:\/\/www.ars-pohlheim.net\/index.php?rest_route=%2Fwp%2Fv2%2Fmedia&parent=655"}],"curies":[{"name":"wp","href":"https:\/\/api.w.org\/{rel}","templated":true}]}}