{"id":12278,"date":"2025-09-17T11:56:57","date_gmt":"2025-09-17T09:56:57","guid":{"rendered":"https:\/\/www.ars-pohlheim.net\/?page_id=12278"},"modified":"2025-09-17T12:05:37","modified_gmt":"2025-09-17T10:05:37","slug":"schwerpunkt-kuenstlerische-bildung","status":"publish","type":"page","link":"https:\/\/www.ars-pohlheim.net\/?page_id=12278","title":{"rendered":"K\u00fcnstlerische Bildung"},"content":{"rendered":"\n<p><strong>Entdecke den Schwerpunkt \u201eK\u00fcnstlerische Bildung\u201c<\/strong><br><br>Mit dem Schwerpunkt \u201eK\u00fcnstlerische Bildung\u201c bietet unsere Schule einen besonderen Lernraum, in dem Sch\u00fclerinnen und Sch\u00fcler ihre Kreativit\u00e4t entfalten, ihre Pers\u00f6nlichkeit st\u00e4rken und ihren individuellen Ausdruck weiterentwickeln k\u00f6nnen. Dabei steht nicht das besondere Talent im Vordergrund \u2013 vielmehr z\u00e4hlen Freude an der Kunst, Neugier auf neue Ausdrucksformen und die Bereitschaft, sich auf kreative Prozesse einzulassen.<\/p>\n\n\n\n<p>In diesem Profil haben die Kinder die M\u00f6glichkeit, in einer wertsch\u00e4tzenden und inspirierenden Umgebung ihre k\u00fcnstlerischen F\u00e4higkeiten zu entdecken und weiterzuentwickeln. Sie lernen unterschiedliche Gestaltungstechniken und Materialien kennen, verwirklichen eigene Projekte in Kleingruppen und vertiefen ihre F\u00e4higkeiten \u00fcber den regul\u00e4ren Kunstunterricht hinaus. K\u00fcnstlerisch-\u00e4sthetisches Forschen sowie das F\u00fchren eigener Skizzenb\u00fccher f\u00f6rdern die Reflexion des eigenen Tuns und machen individuelle Entwicklungsprozesse sichtbar.<\/p>\n\n\n\n<p>Ein zentraler Bestandteil des Schwerpunkts ist zudem das Lernen an au\u00dferschulischen Orten. Exkursionen zu Museen, Workshops mit K\u00fcnstlerinnen und K\u00fcnstlern sowie Kooperationen mit kulturellen Einrichtungen er\u00f6ffnen den Kindern vielf\u00e4ltige Einblicke in die Welt der Kunst \u2013 und machen sie erlebbar. Diese Begegnungen f\u00f6rdern nicht nur das kreative Schaffen, sondern auch den Zugang zu kultureller Bildung.<\/p>\n\n\n\n<p>Dar\u00fcber hinaus legt der Schwerpunkt gro\u00dfen Wert auf Wertevermittlung und Demokratiebildung. Im gemeinsamen Arbeiten lernen die Sch\u00fclerinnen und Sch\u00fcler, Vielfalt wertzusch\u00e4tzen, unterschiedliche Perspektiven zu respektieren und Verantwortung f\u00fcr ihr eigenes Handeln zu \u00fcbernehmen. Die k\u00fcnstlerische Arbeit wird so auch zu einem Ort der Pers\u00f6nlichkeitsbildung und des sozialen Lernens.<br>Ein besonderer H\u00f6hepunkt des Schuljahres ist der j\u00e4hrliche Rundgang mit Abschlussausstellung, bei dem die entstandenen Werke der \u00d6ffentlichkeit pr\u00e4sentiert werden und die kreative Arbeit der Kinder sichtbar wird.<\/p>\n","protected":false},"excerpt":{"rendered":"<p>Entdecke den Schwerpunkt \u201eK\u00fcnstlerische Bildung\u201c Mit dem Schwerpunkt \u201eK\u00fcnstlerische Bildung\u201c bietet unsere Schule einen besonderen Lernraum, in dem Sch\u00fclerinnen und Sch\u00fcler ihre Kreativit\u00e4t entfalten, ihre Pers\u00f6nlichkeit st\u00e4rken und ihren individuellen Ausdruck weiterentwickeln k\u00f6nnen. Dabei steht nicht das besondere Talent im Vordergrund \u2013 vielmehr z\u00e4hlen Freude an der Kunst, Neugier auf neue Ausdrucksformen und die Bereitschaft, &hellip; <a href=\"https:\/\/www.ars-pohlheim.net\/?page_id=12278\" class=\"more-link\"><span class=\"screen-reader-text\">K\u00fcnstlerische Bildung<\/span> weiterlesen <span class=\"meta-nav\">&rarr;<\/span><\/a><\/p>\n","protected":false},"author":15,"featured_media":0,"parent":0,"menu_order":0,"comment_status":"closed","ping_status":"closed","template":"","meta":{"ngg_post_thumbnail":0},"_links":{"self":[{"href":"https:\/\/www.ars-pohlheim.net\/index.php?rest_route=\/wp\/v2\/pages\/12278"}],"collection":[{"href":"https:\/\/www.ars-pohlheim.net\/index.php?rest_route=\/wp\/v2\/pages"}],"about":[{"href":"https:\/\/www.ars-pohlheim.net\/index.php?rest_route=\/wp\/v2\/types\/page"}],"author":[{"embeddable":true,"href":"https:\/\/www.ars-pohlheim.net\/index.php?rest_route=\/wp\/v2\/users\/15"}],"replies":[{"embeddable":true,"href":"https:\/\/www.ars-pohlheim.net\/index.php?rest_route=%2Fwp%2Fv2%2Fcomments&post=12278"}],"version-history":[{"count":2,"href":"https:\/\/www.ars-pohlheim.net\/index.php?rest_route=\/wp\/v2\/pages\/12278\/revisions"}],"predecessor-version":[{"id":12292,"href":"https:\/\/www.ars-pohlheim.net\/index.php?rest_route=\/wp\/v2\/pages\/12278\/revisions\/12292"}],"wp:attachment":[{"href":"https:\/\/www.ars-pohlheim.net\/index.php?rest_route=%2Fwp%2Fv2%2Fmedia&parent=12278"}],"curies":[{"name":"wp","href":"https:\/\/api.w.org\/{rel}","templated":true}]}}