{"id":12274,"date":"2025-09-17T11:57:58","date_gmt":"2025-09-17T09:57:58","guid":{"rendered":"https:\/\/www.ars-pohlheim.net\/?page_id=12274"},"modified":"2025-09-17T12:05:07","modified_gmt":"2025-09-17T10:05:07","slug":"schwerpunkt-sport","status":"publish","type":"page","link":"https:\/\/www.ars-pohlheim.net\/?page_id=12274","title":{"rendered":"Sport"},"content":{"rendered":"\n<p><strong>Entdecke den Schwerpunkt \u201eSport\u201c<\/strong><br><br>Der Schwerpunkt \u201eSport\u201c richtet sich an sportbegeisterte Sch\u00fclerinnen und Sch\u00fcler, die \u00fcber den regul\u00e4ren Sportunterricht hinaus Freude an Bewegung, neuen sportlichen Erfahrungen und Herausforderungen haben. Ziel dieses Profils ist es, bereits vorhandene sportliche Talente gezielt zu f\u00f6rdern und weiterzuentwickeln. Gleichzeitig erhalten die Kinder die M\u00f6glichkeit, vielf\u00e4ltige Sportarten und Bewegungsformen kennenzulernen, die im regul\u00e4ren Unterricht h\u00e4ufig zu kurz kommen.<br><br>Die Sch\u00fclerinnen und Sch\u00fcler erwartet ein abwechslungsreiches Programm mit Fokus auf Bewegungsfreude, das Erleben von Gemeinschaft in der Gruppe sowie die individuelle F\u00f6rderung von Fitness und Gesundheit. Inhalte sind u.a. die Erprobung neuer Einzel- und Mannschaftssportarten, die gezielte Schulung motorischer Grundfertigkeiten wie Ausdauer, Beweglichkeit, Schnelligkeit, Kraft und Koordination sowie die Entwicklung einer allgemeinen Spielf\u00e4higkeit. Dar\u00fcber hinaus werden wichtige soziale und personale Kompetenzen wie Teamf\u00e4higkeit, Kooperation, R\u00fccksichtnahme und Selbstregulierung gest\u00e4rkt. Auch die Teilnahme an schulischen Wettk\u00e4mpfen wie \u201eJugend trainiert f\u00fcr Olympia\u201c sowie eine enge Zusammenarbeit mit regionalen Sportvereinen sind Teil des Programms.<\/p>\n","protected":false},"excerpt":{"rendered":"<p>Entdecke den Schwerpunkt \u201eSport\u201c Der Schwerpunkt \u201eSport\u201c richtet sich an sportbegeisterte Sch\u00fclerinnen und Sch\u00fcler, die \u00fcber den regul\u00e4ren Sportunterricht hinaus Freude an Bewegung, neuen sportlichen Erfahrungen und Herausforderungen haben. Ziel dieses Profils ist es, bereits vorhandene sportliche Talente gezielt zu f\u00f6rdern und weiterzuentwickeln. Gleichzeitig erhalten die Kinder die M\u00f6glichkeit, vielf\u00e4ltige Sportarten und Bewegungsformen kennenzulernen, die &hellip; <a href=\"https:\/\/www.ars-pohlheim.net\/?page_id=12274\" class=\"more-link\"><span class=\"screen-reader-text\">Sport<\/span> weiterlesen <span class=\"meta-nav\">&rarr;<\/span><\/a><\/p>\n","protected":false},"author":15,"featured_media":0,"parent":0,"menu_order":0,"comment_status":"closed","ping_status":"closed","template":"","meta":{"ngg_post_thumbnail":0},"_links":{"self":[{"href":"https:\/\/www.ars-pohlheim.net\/index.php?rest_route=\/wp\/v2\/pages\/12274"}],"collection":[{"href":"https:\/\/www.ars-pohlheim.net\/index.php?rest_route=\/wp\/v2\/pages"}],"about":[{"href":"https:\/\/www.ars-pohlheim.net\/index.php?rest_route=\/wp\/v2\/types\/page"}],"author":[{"embeddable":true,"href":"https:\/\/www.ars-pohlheim.net\/index.php?rest_route=\/wp\/v2\/users\/15"}],"replies":[{"embeddable":true,"href":"https:\/\/www.ars-pohlheim.net\/index.php?rest_route=%2Fwp%2Fv2%2Fcomments&post=12274"}],"version-history":[{"count":3,"href":"https:\/\/www.ars-pohlheim.net\/index.php?rest_route=\/wp\/v2\/pages\/12274\/revisions"}],"predecessor-version":[{"id":12291,"href":"https:\/\/www.ars-pohlheim.net\/index.php?rest_route=\/wp\/v2\/pages\/12274\/revisions\/12291"}],"wp:attachment":[{"href":"https:\/\/www.ars-pohlheim.net\/index.php?rest_route=%2Fwp%2Fv2%2Fmedia&parent=12274"}],"curies":[{"name":"wp","href":"https:\/\/api.w.org\/{rel}","templated":true}]}}