{"id":107,"date":"2013-07-11T11:55:01","date_gmt":"2013-07-11T09:55:01","guid":{"rendered":"http:\/\/www.ars-pohlheim.net\/?page_id=107"},"modified":"2025-09-10T23:39:51","modified_gmt":"2025-09-10T21:39:51","slug":"schulervertretung","status":"publish","type":"page","link":"https:\/\/www.ars-pohlheim.net\/?page_id=107","title":{"rendered":"Sch\u00fclervertretung"},"content":{"rendered":"<p>Die Sch\u00fclervertretung (SV) der Adolf-Reichwein-Schule Pohlheim ist ein Zusammenschluss der Klassensprecher, des Schulsprechers, dessen Vertreter und den Verbindungslehrern.<\/p>\n<p>Die Aufgaben der SV sind:<\/p>\n<ul>\n<li>Vertretung der Rechte und der Interessen der Sch\u00fclerschaft<\/li>\n<li>Mitgestaltung des Schullebens<\/li>\n<li>Unterst\u00fctzung von Sch\u00fclern z.B. bei Konflikten<\/li>\n<li>Organisation von Projekten, Veranstaltungen und Aktionen<\/li>\n<li>Vermittlung zwischen der Sch\u00fclerschaft und der Schulleitung<\/li>\n<li>Teilnahme und das Einbringen von Sch\u00fclerinteressen in Schulkonferenzen<\/li>\n<li>Teilnahme an den Treffen des Kreissch\u00fclerrates<\/li>\n<\/ul>\n<p>&nbsp;<b>Wie funktioniert die Sch\u00fclervertretung an der ARS?<\/b><br \/>\n&nbsp;Zu Beginn des Schuljahres w\u00e4hlen bei uns alle Klassen einen Klassensprecher und einen Vertreter. Alle Klassensprecher unserer Schule treffen sich dann einmal im Monat zu einer Sch\u00fclerratssitzung. Diese wird von dem Schulsprecher bzw. der Schulsprecherin geleitet, der oder die von der gesamten Sch\u00fclerschaft gew\u00e4hlt wurde.<\/p>\n<p>In den Sch\u00fclerratssitzungen werden Anliegen und Vorschl\u00e4ge der Sch\u00fcler vorgebracht, besprochen und gegebenenfalls auch dar\u00fcber abgestimmt. Projekte und Aktionen werden von der SV organisiert und umgesetzt. Neuigkeiten aus den Kreissch\u00fclerratssitzungen werden vorgestellt und Ideen zur Verbesserung unseres Schullebens werden umgesetzt. Das alles macht die Sch\u00fclervertretung in enger Zusammenarbeit mit der Schulleitung. Unterst\u00fctzt wird das Team durch Verbindungslehrer, die ebenfalls an allen Sitzungen teilnehmen und freiwillige Mitglieder der SV sind.<\/p>\n<p>&nbsp;Damit die geplanten Projekte und die Arbeit niemandem \u00fcber den Kopf wachsen, werden die Aufgaben auf mehrere Schultern verteilt. Deshalb gibt es mehrere \u00c4mter in der SV. Zum Bespiel jemand, der festlegt, wann eine Sch\u00fclerratssitzung stattfindet oder jemand der ein Protokoll schreibt und Abstimmungen sowie besprochene Themen festh\u00e4lt.<\/p>\n<p>Die Klassensprecher haben nach jedem Treffen der SV die Aufgabe alle wichtigen Ereignisse an ihre Klasse weiterzugeben. Dazu eignet sich die SV\u2011Stunde, die etwa alle ein bis zwei Wochen stattfinden (je nachdem, was anliegt). Die SV- Stunde dient dazu, \u00fcber Probleme und Konflikte der Klasse zu sprechen oder um Fragen zu kl\u00e4ren und Ausfl\u00fcge oder Veranstaltungen zu planen &#8211; zum Beispiel den n\u00e4chsten Wandertag!<\/p>\n<p>Die SV-Stunde unterst\u00fctzt durchaus den Klassenzusammenhalt, steigert die Selbst\u00e4ndigkeit und Konfliktbew\u00e4ltigung der Sch\u00fcler. Insbesondere die j\u00fcngeren Jahrg\u00e4nge sollen durch diese Stunde den Umgang mit demokratischen Strukturen erlernen.<\/p>\n<p><strong>Schulsprecher<\/strong>: Gubran Al Rizk<\/p>\n<p><strong>Verbindungslehrerinnen<\/strong>:&nbsp; <i>Frau Boncek und Frau Zimmer<\/i><\/p>\n<p>&nbsp;<\/p>\n<p>&nbsp;<\/p>\n<p><b>&nbsp;<\/b><\/p>\n","protected":false},"excerpt":{"rendered":"<p>Die Sch\u00fclervertretung (SV) der Adolf-Reichwein-Schule Pohlheim ist ein Zusammenschluss der Klassensprecher, des Schulsprechers, dessen Vertreter und den Verbindungslehrern. Die Aufgaben der SV sind: Vertretung der Rechte und der Interessen der Sch\u00fclerschaft Mitgestaltung des Schullebens Unterst\u00fctzung von Sch\u00fclern z.B. bei Konflikten Organisation von Projekten, Veranstaltungen und Aktionen Vermittlung zwischen der Sch\u00fclerschaft und der Schulleitung Teilnahme und &hellip; <a href=\"https:\/\/www.ars-pohlheim.net\/?page_id=107\" class=\"more-link\"><span class=\"screen-reader-text\">Sch\u00fclervertretung<\/span> weiterlesen <span class=\"meta-nav\">&rarr;<\/span><\/a><\/p>\n","protected":false},"author":1,"featured_media":0,"parent":0,"menu_order":0,"comment_status":"open","ping_status":"open","template":"","meta":{"ngg_post_thumbnail":0},"_links":{"self":[{"href":"https:\/\/www.ars-pohlheim.net\/index.php?rest_route=\/wp\/v2\/pages\/107"}],"collection":[{"href":"https:\/\/www.ars-pohlheim.net\/index.php?rest_route=\/wp\/v2\/pages"}],"about":[{"href":"https:\/\/www.ars-pohlheim.net\/index.php?rest_route=\/wp\/v2\/types\/page"}],"author":[{"embeddable":true,"href":"https:\/\/www.ars-pohlheim.net\/index.php?rest_route=\/wp\/v2\/users\/1"}],"replies":[{"embeddable":true,"href":"https:\/\/www.ars-pohlheim.net\/index.php?rest_route=%2Fwp%2Fv2%2Fcomments&post=107"}],"version-history":[{"count":22,"href":"https:\/\/www.ars-pohlheim.net\/index.php?rest_route=\/wp\/v2\/pages\/107\/revisions"}],"predecessor-version":[{"id":12173,"href":"https:\/\/www.ars-pohlheim.net\/index.php?rest_route=\/wp\/v2\/pages\/107\/revisions\/12173"}],"wp:attachment":[{"href":"https:\/\/www.ars-pohlheim.net\/index.php?rest_route=%2Fwp%2Fv2%2Fmedia&parent=107"}],"curies":[{"name":"wp","href":"https:\/\/api.w.org\/{rel}","templated":true}]}}